{"id":2,"date":"2017-04-08T16:58:31","date_gmt":"2017-04-08T14:58:31","guid":{"rendered":"https:\/\/www.ferienwohnung-lux.de\/?page_id=2"},"modified":"2023-05-21T08:43:35","modified_gmt":"2023-05-21T06:43:35","slug":"bilder-galerie-rosenbuehl-1","status":"publish","type":"page","link":"https:\/\/www.ferienwohnung-lux.de\/index.php\/bilder-galerie-rosenbuehl-1\/","title":{"rendered":"Alle Bilder"},"content":{"rendered":"<p style=\"text-align: center;\">Falls Sie eine Ferienwohnung in Wei\u00dfenburg suchen, finden Sie hier bei uns auf <em>90 qm\u00b2<\/em> eine komplett eingerichtete Wohnung f\u00fcr bis zu 4 Personen im Herzen der Altstadt. Weitere Impressionen der Wohnung finden Sie in der nachfolgenden Galerie &#8211; bei Fragen k\u00f6nnen Sie uns gerne direkt kontaktieren &#8211; Details finden Sie <a href=\"https:\/\/www.ferienwohnung-lux.de\/index.php\/kontakt\/\">hier<\/a>.<\/p>\n\n\t\t<style type=\"text\/css\">\n\t\t\t#gallery-1 {\n\t\t\t\tmargin: auto;\n\t\t\t}\n\t\t\t#gallery-1 .gallery-item {\n\t\t\t\tfloat: left;\n\t\t\t\tmargin-top: 10px;\n\t\t\t\ttext-align: center;\n\t\t\t\twidth: 25%;\n\t\t\t}\n\t\t\t#gallery-1 img {\n\t\t\t\tborder: 2px solid #cfcfcf;\n\t\t\t}\n\t\t\t#gallery-1 .gallery-caption {\n\t\t\t\tmargin-left: 0;\n\t\t\t}\n\t\t\t\/* see gallery_shortcode() in wp-includes\/media.php *\/\n\t\t<\/style>\n\t\t<div id='gallery-1' class='gallery galleryid-2 gallery-columns-4 gallery-size-thumbnail'><dl class='gallery-item'>\n\t\t\t<dt class='gallery-icon landscape'>\n\t\t\t\t<a href='https:\/\/www.ferienwohnung-lux.de\/img_4244\/'><img loading=\"lazy\" decoding=\"async\" width=\"150\" height=\"150\" src=\"https:\/\/www.ferienwohnung-lux.de\/wp-content\/uploads\/2023\/04\/IMG_4244-150x150.jpg\" class=\"attachment-thumbnail size-thumbnail\" alt=\"\" \/><\/a>\n\t\t\t<\/dt><\/dl><dl class='gallery-item'>\n\t\t\t<dt class='gallery-icon landscape'>\n\t\t\t\t<a href='https:\/\/www.ferienwohnung-lux.de\/img_4236\/'><img loading=\"lazy\" decoding=\"async\" width=\"150\" height=\"150\" src=\"https:\/\/www.ferienwohnung-lux.de\/wp-content\/uploads\/2023\/04\/IMG_4236-150x150.jpg\" class=\"attachment-thumbnail size-thumbnail\" alt=\"\" \/><\/a>\n\t\t\t<\/dt><\/dl><dl class='gallery-item'>\n\t\t\t<dt class='gallery-icon landscape'>\n\t\t\t\t<a href='https:\/\/www.ferienwohnung-lux.de\/index.php\/ausflugsziele\/img_4254\/'><img loading=\"lazy\" decoding=\"async\" width=\"150\" height=\"150\" src=\"https:\/\/www.ferienwohnung-lux.de\/wp-content\/uploads\/2023\/04\/IMG_4254-150x150.jpg\" class=\"attachment-thumbnail size-thumbnail\" alt=\"\" \/><\/a>\n\t\t\t<\/dt><\/dl><dl class='gallery-item'>\n\t\t\t<dt class='gallery-icon landscape'>\n\t\t\t\t<a href='https:\/\/www.ferienwohnung-lux.de\/img_4255\/'><img loading=\"lazy\" decoding=\"async\" width=\"150\" height=\"150\" src=\"https:\/\/www.ferienwohnung-lux.de\/wp-content\/uploads\/2023\/04\/IMG_4255-150x150.jpg\" class=\"attachment-thumbnail size-thumbnail\" alt=\"\" \/><\/a>\n\t\t\t<\/dt><\/dl><br style=\"clear: both\" \/><dl class='gallery-item'>\n\t\t\t<dt class='gallery-icon landscape'>\n\t\t\t\t<a href='https:\/\/www.ferienwohnung-lux.de\/index.php\/kontakt\/2048_ferienwohnung_in_weissenburg_lux_img_4261\/'><img loading=\"lazy\" decoding=\"async\" width=\"150\" height=\"150\" src=\"https:\/\/www.ferienwohnung-lux.de\/wp-content\/uploads\/2023\/04\/2048_FerienWohnung_in_Weissenburg_LUX_IMG_4261-150x150.jpg\" class=\"attachment-thumbnail size-thumbnail\" alt=\"\" \/><\/a>\n\t\t\t<\/dt><\/dl><dl class='gallery-item'>\n\t\t\t<dt class='gallery-icon landscape'>\n\t\t\t\t<a href='https:\/\/www.ferienwohnung-lux.de\/2048_ferienwohnung_in_weissenburg_lux_img_4259\/'><img loading=\"lazy\" decoding=\"async\" width=\"150\" height=\"150\" src=\"https:\/\/www.ferienwohnung-lux.de\/wp-content\/uploads\/2023\/04\/2048_FerienWohnung_in_Weissenburg_LUX_IMG_4259-150x150.jpg\" class=\"attachment-thumbnail size-thumbnail\" alt=\"\" \/><\/a>\n\t\t\t<\/dt><\/dl><dl class='gallery-item'>\n\t\t\t<dt class='gallery-icon landscape'>\n\t\t\t\t<a href='https:\/\/www.ferienwohnung-lux.de\/2048_ferienwohnung_in_weissenburg_lux_img_4256-enhanced\/'><img loading=\"lazy\" decoding=\"async\" width=\"150\" height=\"150\" src=\"https:\/\/www.ferienwohnung-lux.de\/wp-content\/uploads\/2023\/04\/2048_FerienWohnung_in_Weissenburg_LUX_IMG_4256-Enhanced-150x150.jpg\" class=\"attachment-thumbnail size-thumbnail\" alt=\"\" \/><\/a>\n\t\t\t<\/dt><\/dl><dl class='gallery-item'>\n\t\t\t<dt class='gallery-icon landscape'>\n\t\t\t\t<a href='https:\/\/www.ferienwohnung-lux.de\/2048_ferienwohnung_in_weissenburg_lux_img_4242\/'><img loading=\"lazy\" decoding=\"async\" width=\"150\" height=\"150\" src=\"https:\/\/www.ferienwohnung-lux.de\/wp-content\/uploads\/2023\/04\/2048_FerienWohnung_in_Weissenburg_LUX_IMG_4242-150x150.jpg\" class=\"attachment-thumbnail size-thumbnail\" alt=\"\" \/><\/a>\n\t\t\t<\/dt><\/dl><br style=\"clear: both\" \/><dl class='gallery-item'>\n\t\t\t<dt class='gallery-icon landscape'>\n\t\t\t\t<a href='https:\/\/www.ferienwohnung-lux.de\/index.php\/bilder-galerie-rosenbuehl-1\/2048_ferienwohnung-weissenburg-lux-am-rosenbuehl-1-91781037-20170408wug\/'><img loading=\"lazy\" decoding=\"async\" width=\"150\" height=\"150\" src=\"https:\/\/www.ferienwohnung-lux.de\/wp-content\/uploads\/2017\/04\/2048_Ferienwohnung-Weissenburg-Lux-Am-Rosenbuehl-1-91781037-20170408WUG-150x150.jpg\" class=\"attachment-thumbnail size-thumbnail\" alt=\"\" \/><\/a>\n\t\t\t<\/dt><\/dl><dl class='gallery-item'>\n\t\t\t<dt class='gallery-icon landscape'>\n\t\t\t\t<a href='https:\/\/www.ferienwohnung-lux.de\/index.php\/bilder-galerie-rosenbuehl-1\/2048_ferienwohnung-weissenburg-lux-am-rosenbuehl-1-91781032-20170408wug-2\/'><img loading=\"lazy\" decoding=\"async\" width=\"150\" height=\"150\" src=\"https:\/\/www.ferienwohnung-lux.de\/wp-content\/uploads\/2017\/04\/2048_Ferienwohnung-Weissenburg-Lux-Am-Rosenbuehl-1-91781032-20170408WUG-1-150x150.jpg\" class=\"attachment-thumbnail size-thumbnail\" alt=\"\" \/><\/a>\n\t\t\t<\/dt><\/dl><dl class='gallery-item'>\n\t\t\t<dt class='gallery-icon landscape'>\n\t\t\t\t<a href='https:\/\/www.ferienwohnung-lux.de\/index.php\/bilder-galerie-rosenbuehl-1\/2048_ferienwohnung-weissenburg-lux-am-rosenbuehl-1-91781027-20170408wug\/'><img loading=\"lazy\" decoding=\"async\" width=\"150\" height=\"150\" src=\"https:\/\/www.ferienwohnung-lux.de\/wp-content\/uploads\/2017\/04\/2048_Ferienwohnung-Weissenburg-Lux-Am-Rosenbuehl-1-91781027-20170408WUG-150x150.jpg\" class=\"attachment-thumbnail size-thumbnail\" alt=\"\" \/><\/a>\n\t\t\t<\/dt><\/dl><dl class='gallery-item'>\n\t\t\t<dt class='gallery-icon landscape'>\n\t\t\t\t<a href='https:\/\/www.ferienwohnung-lux.de\/index.php\/bilder-galerie-rosenbuehl-1\/2048_ferienwohnung-weissenburg-lux-am-rosenbuehl-1-91781023-20170408wug-2\/'><img loading=\"lazy\" decoding=\"async\" width=\"150\" height=\"150\" src=\"https:\/\/www.ferienwohnung-lux.de\/wp-content\/uploads\/2017\/04\/2048_Ferienwohnung-Weissenburg-Lux-Am-Rosenbuehl-1-91781023-20170408WUG-1-150x150.jpg\" class=\"attachment-thumbnail size-thumbnail\" alt=\"\" \/><\/a>\n\t\t\t<\/dt><\/dl><br style=\"clear: both\" \/>\n\t\t<\/div>\n\n<p style=\"text-align: center;\">\u00dcbrigens: Unsere Ferienwohnung in Wei\u00dfenburg i. Bayern k\u00f6nnen Sie auf Wunsch auch gerne per EC-Karte und Pin oder mit Bargeld in Euro (\u20ac) bezahlen. Eine Zahlung via Kreditkarte bieten wir hingegen nicht an. Infos zur Buchung und den verf\u00fcgbaren Zeiten finden Sie auf der Hauptseite.<\/p>\n<p><span style=\"color: #ffffff;\">Ferienwohnung Wei\u00dfenburg, Unterkunft in Wei\u00dfenburg, Wei\u00dfenburg Unterkunft,Ferienwohnung Wei\u00dfenburg in Bayern,Ferienwohnung Wei\u00dfenburg, Urlaub in Wei\u00dfenburg,Hotel Wei\u00dfenburg,Wei\u00dfenburg Ferienwohnung,Ferienwohnung in Wei\u00dfenburg,Ferienwohnung Lux,Rosenb\u00fchl,Lux Wei\u00dfenburg,Hotel Wei\u00dfenburg,Hotel Altm\u00fchlsee,Ferienwohnung Brombachsee,Brombachsee Ferienwohnung,Urlaub mit Fahrrad,Altm\u00fchltal Ferienwohnung,Naturpark Altm\u00fchltal Ferienwohnung,Ferienwohnung Treuchtlingen,Ferienwohnung Pappenheim,Ferienwohnung Pleinfeld,Ferienwohnung Wei\u00dfenburg Gunzenhausen,Ferienwohnung Weissenburg,Ferienwohnung Weiszenburg<\/span><\/p>\n","protected":false},"excerpt":{"rendered":"<p>Falls Sie eine Ferienwohnung in Wei\u00dfenburg suchen, finden Sie hier bei uns auf 90 qm\u00b2 eine komplett eingerichtete Wohnung f\u00fcr bis zu 4 Personen im Herzen der Altstadt. Weitere Impressionen der Wohnung finden Sie in der nachfolgenden Galerie &#8211; bei Fragen k\u00f6nnen Sie uns gerne direkt kontaktieren &#8211; Details finden Sie hier. \u00dcbrigens: Unsere Ferienwohnung<br \/><a class=\"moretag\" href=\"https:\/\/www.ferienwohnung-lux.de\/index.php\/bilder-galerie-rosenbuehl-1\/\">+ Read More<\/a><\/p>\n","protected":false},"author":2,"featured_media":0,"parent":0,"menu_order":0,"comment_status":"closed","ping_status":"closed","template":"template_parts\/page-fullwidth_template.php","meta":{"footnotes":""},"class_list":["post-2","page","type-page","status-publish","hentry"],"yoast_head":"<!-- This site is optimized with the Yoast SEO plugin v27.3 - https:\/\/yoast.com\/product\/yoast-seo-wordpress\/ -->\n<title>Alle Bilder<\/title>\n<meta name=\"description\" content=\"Die Ferienwohnung in 91781 Wei\u00dfenburg in Bayern. 90 qm\u00b2 - komplett eingerichtet f\u00fcr bis zu 5 Personen im Zentrum der Altstadt. inkl. Parken, TV &amp; Internet.\" \/>\n<meta name=\"robots\" content=\"index, follow, max-snippet:-1, max-image-preview:large, max-video-preview:-1\" \/>\n<link rel=\"canonical\" href=\"https:\/\/www.ferienwohnung-lux.de\/index.php\/bilder-galerie-rosenbuehl-1\/\" \/>\n<meta property=\"og:locale\" content=\"de_DE\" \/>\n<meta property=\"og:type\" content=\"article\" \/>\n<meta property=\"og:title\" content=\"Alle Bilder\" \/>\n<meta property=\"og:description\" content=\"Die Ferienwohnung in 91781 Wei\u00dfenburg in Bayern. 90 qm\u00b2 - komplett eingerichtet f\u00fcr bis zu 5 Personen im Zentrum der Altstadt. inkl. Parken, TV &amp; Internet.\" \/>\n<meta property=\"og:url\" content=\"https:\/\/www.ferienwohnung-lux.de\/index.php\/bilder-galerie-rosenbuehl-1\/\" \/>\n<meta property=\"og:site_name\" content=\"Ferienwohnung Lux\" \/>\n<meta property=\"article:publisher\" content=\"https:\/\/www.facebook.com\/ferienwohnungLux\" \/>\n<meta property=\"article:modified_time\" content=\"2023-05-21T06:43:35+00:00\" \/>\n<meta property=\"og:image\" content=\"https:\/\/www.ferienwohnung-lux.de\/wp-content\/uploads\/2023\/04\/IMG_4244-150x150.jpg\" \/>\n<meta name=\"twitter:card\" content=\"summary_large_image\" \/>\n<meta name=\"twitter:label1\" content=\"Gesch\u00e4tzte Lesezeit\" \/>\n\t<meta name=\"twitter:data1\" content=\"1\u00a0Minute\" \/>\n<script type=\"application\/ld+json\" class=\"yoast-schema-graph\">{\"@context\":\"https:\\\/\\\/schema.org\",\"@graph\":[{\"@type\":\"WebPage\",\"@id\":\"https:\\\/\\\/www.ferienwohnung-lux.de\\\/index.php\\\/bilder-galerie-rosenbuehl-1\\\/\",\"url\":\"https:\\\/\\\/www.ferienwohnung-lux.de\\\/index.php\\\/bilder-galerie-rosenbuehl-1\\\/\",\"name\":\"Alle Bilder\",\"isPartOf\":{\"@id\":\"https:\\\/\\\/www.ferienwohnung-lux.de\\\/#website\"},\"datePublished\":\"2017-04-08T14:58:31+00:00\",\"dateModified\":\"2023-05-21T06:43:35+00:00\",\"description\":\"Die Ferienwohnung in 91781 Wei\u00dfenburg in Bayern. 90 qm\u00b2 - komplett eingerichtet f\u00fcr bis zu 5 Personen im Zentrum der Altstadt. inkl. Parken, TV & Internet.\",\"breadcrumb\":{\"@id\":\"https:\\\/\\\/www.ferienwohnung-lux.de\\\/index.php\\\/bilder-galerie-rosenbuehl-1\\\/#breadcrumb\"},\"inLanguage\":\"de\",\"potentialAction\":[{\"@type\":\"ReadAction\",\"target\":[\"https:\\\/\\\/www.ferienwohnung-lux.de\\\/index.php\\\/bilder-galerie-rosenbuehl-1\\\/\"]}]},{\"@type\":\"BreadcrumbList\",\"@id\":\"https:\\\/\\\/www.ferienwohnung-lux.de\\\/index.php\\\/bilder-galerie-rosenbuehl-1\\\/#breadcrumb\",\"itemListElement\":[{\"@type\":\"ListItem\",\"position\":1,\"name\":\"Startseite\",\"item\":\"https:\\\/\\\/www.ferienwohnung-lux.de\\\/\"},{\"@type\":\"ListItem\",\"position\":2,\"name\":\"Alle Bilder\"}]},{\"@type\":\"WebSite\",\"@id\":\"https:\\\/\\\/www.ferienwohnung-lux.de\\\/#website\",\"url\":\"https:\\\/\\\/www.ferienwohnung-lux.de\\\/\",\"name\":\"Ferienwohnung Lux\",\"description\":\"Urlaub in einer Ferienwohnung in Wei\u00dfenburg \\\/ Bayern -unweit vom Brombachsee\",\"potentialAction\":[{\"@type\":\"SearchAction\",\"target\":{\"@type\":\"EntryPoint\",\"urlTemplate\":\"https:\\\/\\\/www.ferienwohnung-lux.de\\\/?s={search_term_string}\"},\"query-input\":{\"@type\":\"PropertyValueSpecification\",\"valueRequired\":true,\"valueName\":\"search_term_string\"}}],\"inLanguage\":\"de\"}]}<\/script>\n<!-- \/ Yoast SEO plugin. -->","yoast_head_json":{"title":"Alle Bilder","description":"Die Ferienwohnung in 91781 Wei\u00dfenburg in Bayern. 90 qm\u00b2 - komplett eingerichtet f\u00fcr bis zu 5 Personen im Zentrum der Altstadt. inkl. Parken, TV & Internet.","robots":{"index":"index","follow":"follow","max-snippet":"max-snippet:-1","max-image-preview":"max-image-preview:large","max-video-preview":"max-video-preview:-1"},"canonical":"https:\/\/www.ferienwohnung-lux.de\/index.php\/bilder-galerie-rosenbuehl-1\/","og_locale":"de_DE","og_type":"article","og_title":"Alle Bilder","og_description":"Die Ferienwohnung in 91781 Wei\u00dfenburg in Bayern. 90 qm\u00b2 - komplett eingerichtet f\u00fcr bis zu 5 Personen im Zentrum der Altstadt. inkl. Parken, TV & Internet.","og_url":"https:\/\/www.ferienwohnung-lux.de\/index.php\/bilder-galerie-rosenbuehl-1\/","og_site_name":"Ferienwohnung Lux","article_publisher":"https:\/\/www.facebook.com\/ferienwohnungLux","article_modified_time":"2023-05-21T06:43:35+00:00","og_image":[{"url":"https:\/\/www.ferienwohnung-lux.de\/wp-content\/uploads\/2023\/04\/IMG_4244-150x150.jpg","type":"","width":"","height":""}],"twitter_card":"summary_large_image","twitter_misc":{"Gesch\u00e4tzte Lesezeit":"1\u00a0Minute"},"schema":{"@context":"https:\/\/schema.org","@graph":[{"@type":"WebPage","@id":"https:\/\/www.ferienwohnung-lux.de\/index.php\/bilder-galerie-rosenbuehl-1\/","url":"https:\/\/www.ferienwohnung-lux.de\/index.php\/bilder-galerie-rosenbuehl-1\/","name":"Alle Bilder","isPartOf":{"@id":"https:\/\/www.ferienwohnung-lux.de\/#website"},"datePublished":"2017-04-08T14:58:31+00:00","dateModified":"2023-05-21T06:43:35+00:00","description":"Die Ferienwohnung in 91781 Wei\u00dfenburg in Bayern. 90 qm\u00b2 - komplett eingerichtet f\u00fcr bis zu 5 Personen im Zentrum der Altstadt. inkl. Parken, TV & Internet.","breadcrumb":{"@id":"https:\/\/www.ferienwohnung-lux.de\/index.php\/bilder-galerie-rosenbuehl-1\/#breadcrumb"},"inLanguage":"de","potentialAction":[{"@type":"ReadAction","target":["https:\/\/www.ferienwohnung-lux.de\/index.php\/bilder-galerie-rosenbuehl-1\/"]}]},{"@type":"BreadcrumbList","@id":"https:\/\/www.ferienwohnung-lux.de\/index.php\/bilder-galerie-rosenbuehl-1\/#breadcrumb","itemListElement":[{"@type":"ListItem","position":1,"name":"Startseite","item":"https:\/\/www.ferienwohnung-lux.de\/"},{"@type":"ListItem","position":2,"name":"Alle Bilder"}]},{"@type":"WebSite","@id":"https:\/\/www.ferienwohnung-lux.de\/#website","url":"https:\/\/www.ferienwohnung-lux.de\/","name":"Ferienwohnung Lux","description":"Urlaub in einer Ferienwohnung in Wei\u00dfenburg \/ Bayern -unweit vom Brombachsee","potentialAction":[{"@type":"SearchAction","target":{"@type":"EntryPoint","urlTemplate":"https:\/\/www.ferienwohnung-lux.de\/?s={search_term_string}"},"query-input":{"@type":"PropertyValueSpecification","valueRequired":true,"valueName":"search_term_string"}}],"inLanguage":"de"}]}},"_links":{"self":[{"href":"https:\/\/www.ferienwohnung-lux.de\/index.php\/wp-json\/wp\/v2\/pages\/2","targetHints":{"allow":["GET"]}}],"collection":[{"href":"https:\/\/www.ferienwohnung-lux.de\/index.php\/wp-json\/wp\/v2\/pages"}],"about":[{"href":"https:\/\/www.ferienwohnung-lux.de\/index.php\/wp-json\/wp\/v2\/types\/page"}],"author":[{"embeddable":true,"href":"https:\/\/www.ferienwohnung-lux.de\/index.php\/wp-json\/wp\/v2\/users\/2"}],"replies":[{"embeddable":true,"href":"https:\/\/www.ferienwohnung-lux.de\/index.php\/wp-json\/wp\/v2\/comments?post=2"}],"version-history":[{"count":19,"href":"https:\/\/www.ferienwohnung-lux.de\/index.php\/wp-json\/wp\/v2\/pages\/2\/revisions"}],"predecessor-version":[{"id":283,"href":"https:\/\/www.ferienwohnung-lux.de\/index.php\/wp-json\/wp\/v2\/pages\/2\/revisions\/283"}],"wp:attachment":[{"href":"https:\/\/www.ferienwohnung-lux.de\/index.php\/wp-json\/wp\/v2\/media?parent=2"}],"curies":[{"name":"wp","href":"https:\/\/api.w.org\/{rel}","templated":true}]}}