{"id":144,"date":"2017-04-15T16:35:48","date_gmt":"2017-04-15T14:35:48","guid":{"rendered":"https:\/\/www.ferienwohnung-lux.de\/?page_id=144"},"modified":"2023-05-21T08:42:49","modified_gmt":"2023-05-21T06:42:49","slug":"ausflugsziele","status":"publish","type":"page","link":"https:\/\/www.ferienwohnung-lux.de\/index.php\/ausflugsziele\/","title":{"rendered":"Ausstattung"},"content":{"rendered":"<h3>Unsere Ferienwohnung ist komplett ausgestattet und umfasst alles, was man zum Wohnen ben\u00f6tigt. Lediglich die Lebensmittel m\u00fcssen mitgebracht werden.<\/h3>\n<p><img loading=\"lazy\" decoding=\"async\" class=\"size-large wp-image-277 aligncenter\" src=\"https:\/\/www.ferienwohnung-lux.de\/wp-content\/uploads\/2023\/04\/IMG_4254-1024x683.jpg\" alt=\"\" width=\"1024\" height=\"683\" srcset=\"https:\/\/www.ferienwohnung-lux.de\/wp-content\/uploads\/2023\/04\/IMG_4254-1024x683.jpg 1024w, https:\/\/www.ferienwohnung-lux.de\/wp-content\/uploads\/2023\/04\/IMG_4254-300x200.jpg 300w, https:\/\/www.ferienwohnung-lux.de\/wp-content\/uploads\/2023\/04\/IMG_4254-768x512.jpg 768w, https:\/\/www.ferienwohnung-lux.de\/wp-content\/uploads\/2023\/04\/IMG_4254-1536x1024.jpg 1536w, https:\/\/www.ferienwohnung-lux.de\/wp-content\/uploads\/2023\/04\/IMG_4254.jpg 2048w\" sizes=\"auto, (max-width: 1024px) 100vw, 1024px\" \/><\/p>\n<h3>Die Ausstattungsdetails umfassen u.a.:<\/h3>\n<ul>\n<li>\n<h3><strong>90 qm\u00b2 Wohnfl\u00e4che<\/strong> im 1. Stock (leider nicht behindertengerecht)<\/h3>\n<\/li>\n<li>\n<h3>(abtrennbare) K\u00fcche mit <strong>Microwelle<\/strong>, <strong>Sp\u00fclmaschine<\/strong>, E-Herd, Dunstabzugshaube, Wasserkocher<\/h3>\n<\/li>\n<li>\n<h3>Wohnzimmer mit separaten Sitzecke mit 4 St\u00fchlen (weitere 4 St\u00fchle in der K\u00fcche)<\/h3>\n<\/li>\n<li>\n<h3>Schlafraum f\u00fcr bis zu 5 Personen (davon 2 im separaten Schlafzimmer\/Doppelbett)<\/h3>\n<\/li>\n<li>\n<h3><strong>Bad mit separater Duschkabine<\/strong> &amp; Badewanne<\/h3>\n<\/li>\n<li>\n<h3>L\u00e4rmschutzfenster, Verdunklungsm\u00f6glichkeit f\u00fcr die Fenster<\/h3>\n<\/li>\n<li>\n<h3><strong>Flachbild-LCD Fernseher<\/strong> mit Kabel-TV<\/h3>\n<\/li>\n<li>\n<h3>kostenlose Internetanbindung mittels WLAN bis max. 50 MBit (in allen R\u00e4umen!)<\/h3>\n<\/li>\n<li>\n<h3>eigener Telefonanschluss mit Funktelefon inkl. Festnetz-Flatrate (f\u00fcr Deutschland)<\/h3>\n<\/li>\n<\/ul>\n<h5><\/h5>\n<h4>In direkter Umgebung finden Sie Metzgerei sowie B\u00e4cker sowie verschiedene Lokale (u.a. deutsche \/ fr\u00e4nkische, italienischer und griechischer K\u00fcche).<\/h4>\n","protected":false},"excerpt":{"rendered":"<p>Unsere Ferienwohnung ist komplett ausgestattet und umfasst alles, was man zum Wohnen ben\u00f6tigt. Lediglich die Lebensmittel m\u00fcssen mitgebracht werden. Die Ausstattungsdetails umfassen u.a.: 90 qm\u00b2 Wohnfl\u00e4che im 1. Stock (leider nicht behindertengerecht) (abtrennbare) K\u00fcche mit Microwelle, Sp\u00fclmaschine, E-Herd, Dunstabzugshaube, Wasserkocher Wohnzimmer mit separaten Sitzecke mit 4 St\u00fchlen (weitere 4 St\u00fchle in der K\u00fcche) Schlafraum f\u00fcr<br \/><a class=\"moretag\" href=\"https:\/\/www.ferienwohnung-lux.de\/index.php\/ausflugsziele\/\">+ Read More<\/a><\/p>\n","protected":false},"author":2,"featured_media":0,"parent":0,"menu_order":0,"comment_status":"closed","ping_status":"closed","template":"template_parts\/page-fullwidth_template.php","meta":{"footnotes":""},"class_list":["post-144","page","type-page","status-publish","hentry"],"yoast_head":"<!-- This site is optimized with the Yoast SEO plugin v27.5 - https:\/\/yoast.com\/product\/yoast-seo-wordpress\/ -->\n<title>Ausstattung<\/title>\n<meta name=\"robots\" content=\"index, follow, max-snippet:-1, max-image-preview:large, max-video-preview:-1\" \/>\n<link rel=\"canonical\" href=\"https:\/\/www.ferienwohnung-lux.de\/index.php\/ausflugsziele\/\" \/>\n<meta property=\"og:locale\" content=\"de_DE\" \/>\n<meta property=\"og:type\" content=\"article\" \/>\n<meta property=\"og:title\" content=\"Ausstattung\" \/>\n<meta property=\"og:description\" content=\"Unsere Ferienwohnung ist komplett ausgestattet und umfasst alles, was man zum Wohnen ben\u00f6tigt. Lediglich die Lebensmittel m\u00fcssen mitgebracht werden. Die Ausstattungsdetails umfassen u.a.: 90 qm\u00b2 Wohnfl\u00e4che im 1. Stock (leider nicht behindertengerecht) (abtrennbare) K\u00fcche mit Microwelle, Sp\u00fclmaschine, E-Herd, Dunstabzugshaube, Wasserkocher Wohnzimmer mit separaten Sitzecke mit 4 St\u00fchlen (weitere 4 St\u00fchle in der K\u00fcche) Schlafraum f\u00fcr+ Read More\" \/>\n<meta property=\"og:url\" content=\"https:\/\/www.ferienwohnung-lux.de\/index.php\/ausflugsziele\/\" \/>\n<meta property=\"og:site_name\" content=\"Ferienwohnung Lux\" \/>\n<meta property=\"article:publisher\" content=\"https:\/\/www.facebook.com\/ferienwohnungLux\" \/>\n<meta property=\"article:modified_time\" content=\"2023-05-21T06:42:49+00:00\" \/>\n<meta property=\"og:image\" content=\"https:\/\/www.ferienwohnung-lux.de\/wp-content\/uploads\/2023\/04\/IMG_4254-1024x683.jpg\" \/>\n<meta name=\"twitter:card\" content=\"summary_large_image\" \/>\n<meta name=\"twitter:label1\" content=\"Gesch\u00e4tzte Lesezeit\" \/>\n\t<meta name=\"twitter:data1\" content=\"1\u00a0Minute\" \/>\n<script type=\"application\/ld+json\" class=\"yoast-schema-graph\">{\"@context\":\"https:\\\/\\\/schema.org\",\"@graph\":[{\"@type\":\"WebPage\",\"@id\":\"https:\\\/\\\/www.ferienwohnung-lux.de\\\/index.php\\\/ausflugsziele\\\/\",\"url\":\"https:\\\/\\\/www.ferienwohnung-lux.de\\\/index.php\\\/ausflugsziele\\\/\",\"name\":\"Ausstattung\",\"isPartOf\":{\"@id\":\"https:\\\/\\\/www.ferienwohnung-lux.de\\\/#website\"},\"primaryImageOfPage\":{\"@id\":\"https:\\\/\\\/www.ferienwohnung-lux.de\\\/index.php\\\/ausflugsziele\\\/#primaryimage\"},\"image\":{\"@id\":\"https:\\\/\\\/www.ferienwohnung-lux.de\\\/index.php\\\/ausflugsziele\\\/#primaryimage\"},\"thumbnailUrl\":\"https:\\\/\\\/www.ferienwohnung-lux.de\\\/wp-content\\\/uploads\\\/2023\\\/04\\\/IMG_4254-1024x683.jpg\",\"datePublished\":\"2017-04-15T14:35:48+00:00\",\"dateModified\":\"2023-05-21T06:42:49+00:00\",\"breadcrumb\":{\"@id\":\"https:\\\/\\\/www.ferienwohnung-lux.de\\\/index.php\\\/ausflugsziele\\\/#breadcrumb\"},\"inLanguage\":\"de\",\"potentialAction\":[{\"@type\":\"ReadAction\",\"target\":[\"https:\\\/\\\/www.ferienwohnung-lux.de\\\/index.php\\\/ausflugsziele\\\/\"]}]},{\"@type\":\"ImageObject\",\"inLanguage\":\"de\",\"@id\":\"https:\\\/\\\/www.ferienwohnung-lux.de\\\/index.php\\\/ausflugsziele\\\/#primaryimage\",\"url\":\"https:\\\/\\\/www.ferienwohnung-lux.de\\\/wp-content\\\/uploads\\\/2023\\\/04\\\/IMG_4254.jpg\",\"contentUrl\":\"https:\\\/\\\/www.ferienwohnung-lux.de\\\/wp-content\\\/uploads\\\/2023\\\/04\\\/IMG_4254.jpg\",\"width\":2048,\"height\":1365},{\"@type\":\"BreadcrumbList\",\"@id\":\"https:\\\/\\\/www.ferienwohnung-lux.de\\\/index.php\\\/ausflugsziele\\\/#breadcrumb\",\"itemListElement\":[{\"@type\":\"ListItem\",\"position\":1,\"name\":\"Startseite\",\"item\":\"https:\\\/\\\/www.ferienwohnung-lux.de\\\/\"},{\"@type\":\"ListItem\",\"position\":2,\"name\":\"Ausstattung\"}]},{\"@type\":\"WebSite\",\"@id\":\"https:\\\/\\\/www.ferienwohnung-lux.de\\\/#website\",\"url\":\"https:\\\/\\\/www.ferienwohnung-lux.de\\\/\",\"name\":\"Ferienwohnung Lux\",\"description\":\"Urlaub in einer Ferienwohnung in Wei\u00dfenburg \\\/ Bayern -unweit vom Brombachsee\",\"potentialAction\":[{\"@type\":\"SearchAction\",\"target\":{\"@type\":\"EntryPoint\",\"urlTemplate\":\"https:\\\/\\\/www.ferienwohnung-lux.de\\\/?s={search_term_string}\"},\"query-input\":{\"@type\":\"PropertyValueSpecification\",\"valueRequired\":true,\"valueName\":\"search_term_string\"}}],\"inLanguage\":\"de\"}]}<\/script>\n<!-- \/ Yoast SEO plugin. -->","yoast_head_json":{"title":"Ausstattung","robots":{"index":"index","follow":"follow","max-snippet":"max-snippet:-1","max-image-preview":"max-image-preview:large","max-video-preview":"max-video-preview:-1"},"canonical":"https:\/\/www.ferienwohnung-lux.de\/index.php\/ausflugsziele\/","og_locale":"de_DE","og_type":"article","og_title":"Ausstattung","og_description":"Unsere Ferienwohnung ist komplett ausgestattet und umfasst alles, was man zum Wohnen ben\u00f6tigt. Lediglich die Lebensmittel m\u00fcssen mitgebracht werden. Die Ausstattungsdetails umfassen u.a.: 90 qm\u00b2 Wohnfl\u00e4che im 1. Stock (leider nicht behindertengerecht) (abtrennbare) K\u00fcche mit Microwelle, Sp\u00fclmaschine, E-Herd, Dunstabzugshaube, Wasserkocher Wohnzimmer mit separaten Sitzecke mit 4 St\u00fchlen (weitere 4 St\u00fchle in der K\u00fcche) Schlafraum f\u00fcr+ Read More","og_url":"https:\/\/www.ferienwohnung-lux.de\/index.php\/ausflugsziele\/","og_site_name":"Ferienwohnung Lux","article_publisher":"https:\/\/www.facebook.com\/ferienwohnungLux","article_modified_time":"2023-05-21T06:42:49+00:00","og_image":[{"url":"https:\/\/www.ferienwohnung-lux.de\/wp-content\/uploads\/2023\/04\/IMG_4254-1024x683.jpg","type":"","width":"","height":""}],"twitter_card":"summary_large_image","twitter_misc":{"Gesch\u00e4tzte Lesezeit":"1\u00a0Minute"},"schema":{"@context":"https:\/\/schema.org","@graph":[{"@type":"WebPage","@id":"https:\/\/www.ferienwohnung-lux.de\/index.php\/ausflugsziele\/","url":"https:\/\/www.ferienwohnung-lux.de\/index.php\/ausflugsziele\/","name":"Ausstattung","isPartOf":{"@id":"https:\/\/www.ferienwohnung-lux.de\/#website"},"primaryImageOfPage":{"@id":"https:\/\/www.ferienwohnung-lux.de\/index.php\/ausflugsziele\/#primaryimage"},"image":{"@id":"https:\/\/www.ferienwohnung-lux.de\/index.php\/ausflugsziele\/#primaryimage"},"thumbnailUrl":"https:\/\/www.ferienwohnung-lux.de\/wp-content\/uploads\/2023\/04\/IMG_4254-1024x683.jpg","datePublished":"2017-04-15T14:35:48+00:00","dateModified":"2023-05-21T06:42:49+00:00","breadcrumb":{"@id":"https:\/\/www.ferienwohnung-lux.de\/index.php\/ausflugsziele\/#breadcrumb"},"inLanguage":"de","potentialAction":[{"@type":"ReadAction","target":["https:\/\/www.ferienwohnung-lux.de\/index.php\/ausflugsziele\/"]}]},{"@type":"ImageObject","inLanguage":"de","@id":"https:\/\/www.ferienwohnung-lux.de\/index.php\/ausflugsziele\/#primaryimage","url":"https:\/\/www.ferienwohnung-lux.de\/wp-content\/uploads\/2023\/04\/IMG_4254.jpg","contentUrl":"https:\/\/www.ferienwohnung-lux.de\/wp-content\/uploads\/2023\/04\/IMG_4254.jpg","width":2048,"height":1365},{"@type":"BreadcrumbList","@id":"https:\/\/www.ferienwohnung-lux.de\/index.php\/ausflugsziele\/#breadcrumb","itemListElement":[{"@type":"ListItem","position":1,"name":"Startseite","item":"https:\/\/www.ferienwohnung-lux.de\/"},{"@type":"ListItem","position":2,"name":"Ausstattung"}]},{"@type":"WebSite","@id":"https:\/\/www.ferienwohnung-lux.de\/#website","url":"https:\/\/www.ferienwohnung-lux.de\/","name":"Ferienwohnung Lux","description":"Urlaub in einer Ferienwohnung in Wei\u00dfenburg \/ Bayern -unweit vom Brombachsee","potentialAction":[{"@type":"SearchAction","target":{"@type":"EntryPoint","urlTemplate":"https:\/\/www.ferienwohnung-lux.de\/?s={search_term_string}"},"query-input":{"@type":"PropertyValueSpecification","valueRequired":true,"valueName":"search_term_string"}}],"inLanguage":"de"}]}},"_links":{"self":[{"href":"https:\/\/www.ferienwohnung-lux.de\/index.php\/wp-json\/wp\/v2\/pages\/144","targetHints":{"allow":["GET"]}}],"collection":[{"href":"https:\/\/www.ferienwohnung-lux.de\/index.php\/wp-json\/wp\/v2\/pages"}],"about":[{"href":"https:\/\/www.ferienwohnung-lux.de\/index.php\/wp-json\/wp\/v2\/types\/page"}],"author":[{"embeddable":true,"href":"https:\/\/www.ferienwohnung-lux.de\/index.php\/wp-json\/wp\/v2\/users\/2"}],"replies":[{"embeddable":true,"href":"https:\/\/www.ferienwohnung-lux.de\/index.php\/wp-json\/wp\/v2\/comments?post=144"}],"version-history":[{"count":15,"href":"https:\/\/www.ferienwohnung-lux.de\/index.php\/wp-json\/wp\/v2\/pages\/144\/revisions"}],"predecessor-version":[{"id":306,"href":"https:\/\/www.ferienwohnung-lux.de\/index.php\/wp-json\/wp\/v2\/pages\/144\/revisions\/306"}],"wp:attachment":[{"href":"https:\/\/www.ferienwohnung-lux.de\/index.php\/wp-json\/wp\/v2\/media?parent=144"}],"curies":[{"name":"wp","href":"https:\/\/api.w.org\/{rel}","templated":true}]}}